uppose 5*s - 1806 = -3*h, s - 3036 = -5*h - 3*s. Suppose 7*x = h - v. List the prime factors of x.
7, 11
Let n(a) = -33*a - 63. Let q(b) = -2*b**2 - 3*b + 6. Let g be q(0). Suppose -2*z = -3*w + 25, -3*w = 4*z + g + 17. List the prime factors of n(z).
3, 67
Suppose -359*j + 1530 = -344*j. What are the prime factors of j?
2, 3, 17
Let o = -116 - -12. Let v = o - -233. Suppose 2*k + v + 203 = 4*b, 0 = -4*k. What are the prime factors of b?
83
Suppose -657*l - 104806 = -686*l. List the prime factors of l.
2, 13, 139
Suppose g - 21*g + 38*g - 164880 = 0. What are the prime factors of g?
2, 5, 229
Suppose -117*k = -118*k + 20. Let g(x) = x**3 - 22*x**2 + 42*x - 8. List the prime factors of g(k).
2
Suppose 0 = -4*o + 2*c + 120634, -178*c + 176*c + 90458 = 3*o. List the prime factors of o.
2, 3, 7, 359
Let l = 607 - -6218. What are the prime factors of l?
3, 5, 7, 13
Let d(x) = -x**3 - 4*x**2 + 16*x - 5. Let r be (-2)/(-5*(-2)/10) + -7. What are the prime factors of d(r)?
2
Let s(a) = 193*a - 24. Let r = -79 - -82. What are the prime factors of s(r)?
3, 5, 37
Suppose -7726 = 2*n - 18306. List the prime factors of n.
2, 5, 23
Let x(i) = -4*i - 19. Let w be x(-10). Let u = w - 19. Suppose -3*d - v + 238 - 38 = 0, 2*d - 140 = -u*v. What are the prime factors of d?
5, 13
Let p be 650/55 + (-4)/(-22). Suppose 0 = -3*v + 2*o + 14, 5*v + 2*o - 6 = p. Suppose -v*l = -4*j + 684, -2*l = 3*j + 51 - 559. List the prime factors of j.
2, 5, 17
Let o(y) = y**3 + 8*y**2 + 8*y + 9. Let w be -2*(-37)/(-10) - (-2)/5. Let l be o(w). List the prime factors of (-25)/(-100) + 875*l/8.
3, 73
Let n(z) = 3*z**3 + 17*z**2 + 82*z - 49. List the prime factors of n(20).
3, 59, 61
What are the prime factors of (4549/3)/(14/84)?
2, 4549
Let n(g) = 6*g**2 + 106*g - 16. Let r be n(-18). What are the prime factors of 24016/r - 5/(-25)?
1201
Let h = -10 - -12. Suppose -330 = -5*x + h*c + 538, 0 = -3*x + 4*c + 518. Let w = x + -88. What are the prime factors of w?
2, 43
List the prime factors of (-54)/(-15) - 14651426/(-265).
2, 23, 601
Suppose -2*n = 2*n - 16. Suppose 0 = -n*z + 4*d + 1824, -161 = 5*z - 4*d - 2438. List the prime factors of z.
3, 151
Let n = 138 + -123. Let g(o) = 3*o**2 + 5*o - 13. Let b(d) = -d**2 - 2*d + 6. Let u(y) = n*b(y) + 6*g(y). List the prime factors of u(6).
2, 3, 5
Let v be -1*18/(2 + -4). Suppose v*p - 552 = 5*p. Let n = p - -29. List the prime factors of n.
167
Let n(h) = -39*h - 24. Let u(c) = -8*c - 5. Let x(a) = -5*n(a) + 24*u(a). Let o be x(4). Suppose -s + o = 3*s, -r - s = -232. List the prime factors of r.
229
Suppose -3*c + 185 = 482. What are the prime factors of c/165 + 1793/5?
2, 179
Suppose 4*m = -5*o + 107769, o - 4*m = 27701 - 6176. List the prime factors of o.
3, 11, 653
Let u be (0 + 0)/(17 + -19). Suppose 4*z + 3*q - 1752 = u, -2*z + 578 = -q - 298. List the prime factors of z.
2, 3, 73
Let m = -6 - -6. Let p(u) = 5*u + m*u + 168 - 180. What are the prime factors of p(11)?
43
List the prime factors of (104/(-3))/(-12 - 3814/(-318)).
2, 13, 53
Suppose 2*s + 2*u - 3 = -11, 10 = -4*s - u. List the prime factors of s*(9/(-12) - -1)*-1034.
11, 47
Let a = 91191 - 56441. What are the prime factors of a?
2, 5, 139
Let x be 2/((-2)/3) + (-25 - -27). Let u be 2*(-2)/16 - x/4. Suppose u = -2*i + 316 - 110. What are the prime factors of i?
103
Suppose -49000 = -3*o + 4*u, -3*o + 48998 = -379*u + 374*u. List the prime factors of o.
2, 1021
Let d(u) = 248*u**3 + 24*u**2 - 60*u - 7. What are the prime factors of d(3)?
5, 269
Suppose 4*w = 4*i + 66028, -21*w - 2*i = -20*w - 16525. What are the prime factors of w?
7, 337
Let o = -21 + 18. Let t be 4*((-1)/o + (-22)/(-24)). What are the prime factors of (-20)/(-3 + 3/t - -2)?
2, 5
Suppose 3*r - 12003 = -3*f, 5*r + 4*f = 14349 + 5660. List the prime factors of r.
3, 5, 89
What are the prime factors of (-79)/((-7384)/(-1848) - 4)?
3, 7, 11, 79
Let h be (2 - 0) + 3 + -3. Suppose 4*c + h*l = 8*c - 444, -3*c = -3*l - 333. List the prime factors of c.
3, 37
Let x be (-2)/(-13) + (-530)/65 + -3. Let s(o) be the first derivative of o**3/3 + 4*o**2 - 19*o - 5. What are the prime factors of s(x)?
2, 7
Suppose 4285 = -5*t - 2*j + 7*j, 0 = -t - 5*j - 887. Let q = 1772 + t. What are the prime factors of q?
2, 5, 7, 13
Let l be (-1)/((-5)/(16 - 6)). Suppose -2*o - 17 = -15, -l*o = i - 2009. List the prime factors of i.
2011
Suppose -4*p + 70 = 2*d, p = -2*d + 3*p + 82. List the prime factors of (-2 + 16/4)*(d - 1).
2, 19
Let r(j) = j**3 + 30*j**2 + 65*j - 121. Let a be r(-28). Let c = -81 + -170. Let k = c - a. List the prime factors of k.
2, 61
Suppose -4*r + 8554 = 4*w - 58726, 2*w + 5*r - 33643 = 0. List the prime factors of w.
11, 139
Let v(a) = -143*a - 1281. List the prime factors of v(-35).
2, 7, 19
Suppose 1692024 = 111*c - 446502. What are the prime factors of c?
2, 3, 13, 19
Suppose -29261 = -q - 5*j, -2*q - 2*j = -20451 - 38079. List the prime factors of q.
2, 14633
Let b = -5159 - -11209. What are the prime factors of b?
2, 5, 11
Let k(w) = 2*w - 14. Let g(b) = 5*b - 12. Let r be g(8). What are the prime factors of k(r)?
2, 3, 7
Let y = -415 - -420. Suppose -4*d + 30*a + 969 = 31*a, -5*a = -y*d + 1230. List the prime factors of d.
3
Suppose -14 = -4*g + 2*p, 5*p = g + 3*g - 5. Suppose 0 = g*u + 76 - 91. Suppose 0 = -a - 2*k + 10, 21 = u*a - a + 3*k. What are the prime factors of a?
2, 3
Suppose -2*h = -3*j + 3*h + 35689, -3*j + 35696 = 2*h. What are the prime factors of j?
2, 3, 661
Let s be (-7 - 155 - 10)/(-4). Suppose -4*n = -9 - 319. Let i = n + s. List the prime factors of i.
5
Let q = -94 + 97. Suppose -n + 4*j - 2 = 4, 3*n = -3*j - q. Let a(s) = -66*s - 7. List the prime factors of a(n).
5
Suppose -13*o = -16*o + 2*o + 1313. List the prime factors of o.
13, 101
Suppose 45260 = 16*o - 16580. Suppose y = -9*s + 4*s + 747, -5*y + s = -o. List the prime factors of y.
2, 193
Let s = -419 + -421. List the prime factors of 3634/10 + (-21)/(s/(-16)).
3, 11
Suppose 5*y + 2 = b + 16, -5*y + 4*b = -11. Suppose 0 = 3*j - 3*u - 12, 12 + 8 = y*j + u. Let k = 61 + j. List the prime factors of k.
67
Let g(h) = -4*h - 18. Let v be g(-5). Let b be 9144/(-56) - v/(-7). Let k = -54 - b. List the prime factors of k.
109
Suppose 76*x - 1257791 = 9*x. List the prime factors of x.
18773
Let c be 0 + 57/11 - 32/176. Let j(k) = -k**3 + 4*k**2 + 3*k - 5. Let m be j(c). What are the prime factors of 9*100/m*(-2)/5?
2, 3
Suppose -3*h + 1464 = -3*u, -4*u + h = 1379 + 564. Let x = u + 908. What are the prime factors of x?
3, 47
Let m(x) = -22*x - 7*x**3 - 15*x**2 + 6*x**3 + 29 - 14*x. List the prime factors of m(-16).
3, 7, 41
Let g(y) = -1 - 6*y**2 + 14 - 141*y**3 - 8 + y**2 - 2*y. Let m(z) = -71*z**3 - 3*z**2 - z + 3. Let k(n) = 4*g(n) - 7*m(n). What are the prime factors of k(-1)?
2, 17
Suppose 0 = -31*c + 28*c + 12. Suppose 5*u - 5390 = -c*t + 1740, 0 = 2*t - 3*u - 3576. List the prime factors of t.
3, 5, 7, 17
Suppose -74 = -2*s - 70, -5*s + 53061 = p. List the prime factors of p.
53051
Let n(a) = 29*a**2 - 8*a + 12. Suppose -1 = -m - 0*m, -7 = -4*z + 5*m. Let y(d) = -6*d + 20. Let w be y(z). What are the prime factors of n(w)?
2, 7
Let s(o) = 2233*o + 1641. List the prime factors of s(11).
2, 6551
Let q be (-27)/(-6) + 4/((-24)/9). What are the prime factors of (1/q)/(7084/3540 + -2)?
5, 59
Suppose 42 - 36 = 2*u. Suppose -u*b = -i + 3*i - 191, -92 = -b + 5*i. Let m = -49 + b. What are the prime factors of m?
2, 3
Let v = 3127 + -1962. Suppose 4*q - 221 = 3*q - 2*k, 5*q = 5*k + v. List the prime factors of q.
229
Let q = -108 - -75. Let b be (q/12)/(2/(-8)). Suppose 6*y + 150 = b*y. What are the prime factors of y?
2, 3, 5
Suppose -11*q - 746 = -1846. Let h = q - 94. Suppose -5*z - h*z = -2321. List the prime factors of z.
211
Suppose 510 = -8*i - 162. List the prime factors of (-7)/(i/(-15))*-28.
5, 7
What are the prime factors of (-2)/3 - (-51299)/129?
397
Suppose -q + 3 = -x, -q = -4*q + 5*x + 13. Suppose -q - 47 = -6*b. Let v(t) = 3*t + 5. List the prime factors of v(b).
29
Let v be (-8)/(-12) - (-3)/9. Let x(k) = 43*k**3 - 2*k**2 + 2*k. Let a be x(v). Let m = a - -75. What are the prime factors of m?
2, 59
Suppose m = -9*m + 90. Suppose 5*r + 3*a - 318 = 0, 2*r - 2*a + 6*a - 130 = 0. Suppose -r - m = -t. What are the